*p. Suppose p = -2*d - d + 237. Suppose 0 = -2*r + 301 + d. What is the greatest common divisor of 19 and r?
19
Suppose 8 = 4*a + 2*w - 16, -4*a + 24 = 3*w. Suppose 0 = 5*q - a*q + 56. What is the greatest common factor of 8 and q?
8
Suppose -115*l = -108*l - 28. Let a be 4/(-18) + (-652)/(-18). Calculate the highest common divisor of a and l.
4
Suppose 4*v + 204 = 7*v + 4*d, 4*v - 297 = 3*d. What is the greatest common divisor of 252 and v?
36
Let s be (12/(-4))/((25/(-5))/5). Suppose 0 = 5*o + 5*w - 4*w - 31, -4*o + 22 = -2*w. Calculate the highest common divisor of s and o.
3
Suppose 5*o - 3*a - 2137 = 0, 0 = -4*o + 6*o - 3*a - 862. Calculate the greatest common factor of o and 25.
25
Suppose 2*i = -2*a + 76, -5*i - a = -162 - 16. Let r be 4/(-10) - (-84)/i. Let c be 1*(41 - r)/3. Calculate the highest common factor of 26 and c.
13
Suppose -829 = -17*v + 497. What is the highest common divisor of 6 and v?
6
Let j be (0/1)/(6/3). Let d be (j - 5)*(-168)/15. What is the greatest common divisor of 28 and d?
28
Let s = -90 + 209. Suppose 17 = 4*d - s. Suppose -k - 14 = -65. What is the greatest common divisor of d and k?
17
Let o be 4/(-6)*-150*4/8. Suppose -120 = -5*p + 5*k, -4*k = -3*p - 2*p + 121. What is the greatest common factor of o and p?
25
Let c(k) = 3*k - 4. Let g be c(13). Suppose -5*p + 20 = -g. What is the greatest common divisor of p and 44?
11
Let o(s) = -s**3 - 6*s**2 + 9*s. Let t be o(-8). Let q = 151 + t. Calculate the highest common factor of 23 and q.
23
Suppose -47*g + 36*g = -891. Calculate the greatest common divisor of g and 36.
9
Let j(v) = v**3 - 6*v**2 + 2*v - 5. Let i be j(6). Calculate the greatest common factor of i and 1967.
7
Suppose 5*n - 12 + 2 = 0. Let f be 2 - 5/(-25)*-5. Let u be (-8)/(-4)*f - -16. What is the greatest common factor of u and n?
2
Let o = 2 + -8. Let l(s) = -s**3 + 6*s + 7. Let q be l(o). Suppose -b - 3*h = -0*b - 14, 66 = 4*b + 2*h. What is the greatest common factor of q and b?
17
Let o(q) = -q**3 + 4*q**2 + 5*q + 3. Let s be o(4). Let y(w) = w**3 + 18*w - 44. Let l be y(4). What is the greatest common factor of l and s?
23
Suppose 0 = 4*b - 270 - 3198. Suppose -3*s = -189 - b. What is the highest common factor of 32 and s?
32
Let d = 1360 + -1228. What is the greatest common divisor of 352 and d?
44
Suppose -12 = -8*j + 1492. Calculate the highest common divisor of j and 141.
47
Let q be -192 - (11 - 13)*(-1)/(-1). Let c = q - -230. Suppose 3*g - 4*m = 26, m + 19 = -5*g + 70. Calculate the greatest common divisor of c and g.
10
Suppose 28*v = 23*v + 25. Suppose 5*n + m = 91, 3*m = -v*n + 7*m + 86. What is the greatest common factor of 198 and n?
18
Suppose -135*y + 130*y + 125 = 0. Let d(s) = s**3 - 11*s**2 + 2*s - 12. Let o be d(11). Calculate the greatest common factor of y and o.
5
Suppose -5*b = 184 - 79. Let n = b + 25. What is the greatest common divisor of n and 6?
2
Let d(p) = 61*p - 1. Let a be ((-6)/3)/2 + 1. Let f = a + 1. Let b be d(f). What is the greatest common factor of b and 24?
12
Suppose -780*l + 26 = -778*l. Let i(f) = 13*f. Let s be i(2). What is the greatest common divisor of s and l?
13
Suppose -g + 5 = -6*g, 3796 = 5*y - g. Calculate the greatest common divisor of 66 and y.
33
Let f(m) = 2. Let u(n) = 27*n - 19. Let g(d) = 18*f(d) + 2*u(d). Let z be g(3). Calculate the highest common divisor of 20 and z.
20
Let p be 5/10*42 + 0. Let i = 27 - p. Calculate the highest common divisor of i and 54.
6
Suppose -18*n = -15*n + 3. Let b be (-13)/(n - 18/(-21)). What is the highest common factor of b and 13?
13
Let f = -16 - -18. Suppose -f*b - r + 3 = 2, r = -b. Let j be ((-324)/(-45))/(b/5). What is the greatest common divisor of 24 and j?
12
Let k = 10 - 5. Suppose 3*v = k*v - 66. Let j = 174 - 152. Calculate the highest common divisor of j and v.
11
Let g be 1/(195/(-48) - -4). Let w be (0/(g/(-4)))/2. Suppose w = -3*j, 4*h + 0*j - 20 = 3*j. Calculate the highest common divisor of 45 and h.
5
Let u(d) = -d**2 - 60*d - 670. Let i be u(-15). What is the greatest common factor of 365 and i?
5
Let y be 5/((-60)/448)*(-12 - -9). Let p(k) = k**2 - 3*k - 4. Let j be p(-3). What is the greatest common divisor of j and y?
14
Let s(i) = -i**3 - 3*i**2 - 5*i. Let h be s(-4). Let d = 68 - 59. What is the highest common factor of h and d?
9
Let d(u) = u**2 + u - 6. Let x be d(7). Let r be (9 - -1)*360/x. What is the greatest common divisor of 108 and r?
36
Let i = 77 + -56. Calculate the highest common divisor of 105 and i.
21
Suppose 0*c - 18 = -c - t, 2*c + 3*t = 35. Let s = 2 + c. What is the greatest common factor of s and 231?
21
Let s = 15 - -15. Suppose -5*d + 260 = s. Calculate the highest common divisor of d and 115.
23
Let d(c) = 233*c**2 - 22*c + 40. Let m be d(2). What is the highest common factor of 58 and m?
58
Let g(m) = -16*m + 164. Let f be g(9). What is the greatest common factor of 260 and f?
20
Let s(a) = -2*a**2 - 13*a + 22. Let i be s(0). Calculate the greatest common divisor of 143 and i.
11
Suppose -40*l + 29*l = -484. Calculate the highest common factor of 88 and l.
44
Let c = 24 - 19. Suppose c*f - 56 = 59. Calculate the greatest common factor of f and 1.
1
Suppose 5*t - 2*t + 63 = 5*f, -5*f + 67 = -2*t. Suppose 0 = i + 5*d + 5, 8*i - d - 85 = 4*i. What is the highest common factor of f and i?
5
Let l be (4*75/(-20))/((-2)/6). What is the greatest common divisor of 135 and l?
45
Let g(d) = -d**3 + 21*d**2 - 2*d + 46. Let f be g(21). What is the greatest common divisor of f and 10?
2
Suppose -9*u + 3*u + 42 = 0. Let q be u*(4 + (-18)/7). Calculate the highest common factor of q and 90.
10
Suppose 6*f - 100 = 458. Calculate the greatest common divisor of f and 15.
3
Let n = -113 + 323. Calculate the highest common divisor of 2030 and n.
70
Suppose 14*t - 3459 = -883. What is the greatest common factor of 230 and t?
46
Let o = -2 - -10. Let s = -211 - -219. Let j be (s + -29)/((-6)/o). Calculate the highest common factor of j and 14.
14
Let f = -21 - -14. Let u = 2 + f. Let n be (-30)/9*(-8 - u). What is the highest common factor of 5 and n?
5
Let z(d) = -d**3 + 5*d**2 + 6*d + 12. Let v be z(6). Suppose 5*y + 9 = -1. Let l be 0/3 - (0 + y). What is the highest common factor of l and v?
2
Let j be -2 - -7 - ((-5 - 17) + -3). Let c(u) = -u**3 + u**2 + 7*u + 5. Let k be c(-5). What is the highest common divisor of k and j?
30
Suppose -2*a + 3*a = 2*d + 112, 4*a - 4*d = 432. Let w(k) = k**3 + 5*k**2 - 2*k + 3. Let m be w(-5). Calculate the greatest common divisor of a and m.
13
Suppose 4*a - 2*c = 244 - 46, -5*a + 253 = 3*c. Let i = -164 + 44. Let u be ((-8)/(-6))/((-8)/i). What is the highest common divisor of a and u?
10
Let w(q) = -q**3 - 21*q**2 - 37*q + 47. Let i be w(-19). What is the greatest common divisor of i and 56?
28
Suppose h = 2*k + 4, -2*h - 2*k = -0 - 26. What is the greatest common factor of h and 10?
10
Let t(h) = h**2 + 15*h - 200. Let r be t(-27). What is the highest common factor of 1364 and r?
124
Suppose -4*h + 264 = -3*s, -5*h - 2*s + 311 = -s. Let j = h + -30. What is the highest common factor of 22 and j?
11
Suppose -20*x = -225 - 615. What is the highest common divisor of 1134 and x?
42
Let s = 21 + 14. Let v = s + -7. Suppose -f + v = f. What is the greatest common factor of 42 and f?
14
Let m(l) = -1 + 1 + 2 - 3 - 16*l. Suppose -2*p = -0*p + 2. Let x be m(p). What is the greatest common factor of 15 and x?
15
Let k be (-6)/9*(-153)/34. What is the greatest common factor of k and 15?
3
Let m be ((-3)/(-5))/(3/15). Let t be 6/m*(2 + 0). Let b be 438/12 - 2/t. What is the greatest common divisor of b and 12?
12
Let z = 62 + 7. Suppose -h - 2*h = -3*g - 51, 0 = -5*h - 3*g + z. Suppose 5*c = -2*t + 829, -c + 152 + 9 = -2*t. What is the greatest common divisor of h and c?
15
Suppose -3*r - 3*a + 267 = 0, -2*r + 9 + 172 = 5*a. Calculate the highest common divisor of 319 and r.
11
Let l(i) = 7*i**2 - 3*i + 5. Let d be l(4). Let j be (1 + -1 + 1)*-1. Let f = j + 22. Calculate the greatest common factor of f and d.
21
Let i = -269 - -297. Calculate the highest common divisor of 154 and i.
14
Let t = 14 + -8. Let x = -7 - -9. Let z be (x/(-6))/(13/(-351)). Calculate the highest common divisor of z and t.
3
Suppose 0 = a - 5*g + 9, 2*a - 6*g 